).
130
Let g(j) = -j + 10. Determine g(12).
-2
Let t(l) = -l**2 + 7*l + 86. Calculate t(-6).
8
Let i(n) = -n**3 + 10*n**2 - 4*n - 9. Determine i(9).
36
Let m(t) = -2*t + 11. Give m(8).
-5
Let d(g) = 24*g**2 - 3*g. Calculate d(2).
90
Let u(l) = l**2 - 3*l + 8. What is u(7)?
36
Let g(k) = -2*k**3 - 2*k**2 - 2*k - 1. Give g(-2).
11
Let o(r) = -r**2 + 6*r + 4. Calculate o(5).
9
Let v(l) = l + 5. What is v(4)?
9
Let m(v) = v**2 - 12*v - 35. Determine m(16).
29
Let i(o) = -95*o**3 - o**2 + 2*o + 2. Calculate i(-1).
94
Let g(o) = -2*o - 17. Determine g(-12).
7
Let a(s) = -s**2 - 14*s - 42. Give a(-6).
6
Let u(t) = -t**3 - 3*t**2 + 2. What is u(-3)?
2
Let u(r) = -32*r + 566. Determine u(18).
-10
Let k(m) = 16*m - 444. Calculate k(29).
20
Let f(u) = 3*u + 27. Calculate f(-8).
3
Let k(n) = 4*n - 94. Give k(24).
2
Let d(b) = -2*b**2 - 21*b - 3. Give d(-10).
7
Let g(x) = 37*x - 154. Determine g(4).
-6
Let v(x) = 2*x**2 + 21*x + 23. Determine v(-9).
-4
Let j(c) = c**3 + 4*c**2 - 2*c - 3. Calculate j(-5).
-18
Let c(b) = -b**3 + b**2 - 2*b + 10. What is c(0)?
10
Let g(k) = -2*k**3 + 3*k + 4. Calculate g(-1).
3
Let s(j) = -j**3 - 8*j**2 + 12*j + 17. Determine s(-9).
-10
Let h(g) = -g**2 - 9*g + 4. Calculate h(-9).
4
Let h(f) = 161*f - 802. Calculate h(5).
3
Let a(b) = -22*b**2 + 4*b + 2. Calculate a(-1).
-24
Let u(o) = -8*o - 16. What is u(0)?
-16
Let q(j) = j**3 + 17*j**2 + 13*j - 54. Give q(-16).
-6
Let o(x) = x**2 + 28*x + 37. Give o(-27).
10
Let b(r) = -2*r**3 + 4*r**2 + 4*r - 14. Determine b(2).
-6
Let u(t) = 5*t**2 - 11*t + 18. What is u(7)?
186
Let j(r) = -5*r + 45. Calculate j(9).
0
Let j(t) = -2*t**2 + 32*t - 31. Give j(15).
-1
Let a(c) = 7*c + 33. Calculate a(-7).
-16
Let o(s) = s**3 + 6*s**2 + 8*s + 2. Give o(-3).
5
Let c(t) = t**2 - 5*t + 5. Give c(10).
55
Let s(b) = b**2 - 12*b + 32. Give s(5).
-3
Let u(j) = j**2 - 15*j + 45. Determine u(5).
-5
Let l(c) = c**2 - 17*c - 58. Give l(20).
2
Let b(c) = -c**2 - 19*c - 16. Give b(-18).
2
Let d(k) = 7*k**2 + 4*k + 3. Determine d(-1).
6
Let w(k) = k**3 - 6*k**2 - 18*k + 17. What is w(8)?
1
Let z(n) = 2*n**2 - n - 3. Calculate z(-2).
7
Let s(r) = 2*r - 9. Calculate s(-4).
-17
Let z(s) = s**3 - 8*s**2 - 8*s + 10. Give z(8).
-54
Let i(z) = -z - 18. Calculate i(-26).
8
Let n(d) = d**3 - d - 3. Determine n(0).
-3
Let q(p) = p**3 + 6*p**2 - 5*p - 9. Calculate q(-7).
-23
Let m(j) = -57*j**2. What is m(-1)?
-57
Let j(u) = -u**3 - 30*u**2 + u + 51. Give j(-30).
21
Let o(i) = 8*i**2 + i - 7. Determine o(3).
68
Let d(n) = 7*n**2. Calculate d(-1).
7
Let r(o) = 15*o**2 + 3*o - 2. Calculate r(2).
64
Let l(w) = -11*w**3 + 4*w**2 + 10*w + 8. Determine l(-1).
13
Let t(a) = 4*a**3 + 10*a**2 + 2*a - 1. Give t(-2).
3
Let l(c) = 10*c**3 - 6*c**2 + 4*c. Determine l(1).
8
Let t(s) = -s**3 + s**2 + 32*s + 18. Calculate t(-5).
8
Let f(z) = -3*z**2 - z + 4. Calculate f(-2).
-6
Let b(w) = -9*w**3 - 2*w - 2. What is b(-1)?
9
Let j(k) = k**3 - 10*k**2 - 8*k - 1. Determine j(11).
32
Let i(l) = -2*l**3 - 4*l**2 + 2*l - 10. Calculate i(-3).
2
Let v(z) = z - 14. Calculate v(5).
-9
Let x(k) = -16*k - 179. Give x(-9).
-35
Let q(x) = -x**3 + 5*x**2 + 11*x - 1. Give q(7).
-22
Let n(i) = i**3 + 10*i**2 + 8*i - 10. Calculate n(-9).
-1
Let i(p) = p**2 + 5*p + 5. Determine i(-4).
1
Let v(j) = -j**3 + 35*j**2 - 67*j + 41. Determine v(33).
8
Let b(h) = 23*h - 15. Calculate b(5).
100
Let k(m) = -4*m + 50. Give k(12).
2
Let h(g) = -30*g - 71. Calculate h(-7).
139
Let b(g) = -g**3 + 16*g**2 - g + 12. Determine b(16).
-4
Let d(k) = -k**3 + 7*k**2 - 8*k + 19. Determine d(6).
7
Let k(t) = -26*t**2 - t - 1. Determine k(-1).
-26
Let a(g) = g**3 + 3*g**2 - 3*g - 6. What is a(0)?
-6
Let x(a) = 2*a**3 + 18*a**2 + 28*a - 3. What is x(-7)?
-3
Let s(b) = b**3 + 6*b**2 - 8*b + 4. What is s(-7)?
11
Let s(v) = 4*v + 1. Determine s(-6).
-23
Let a(m) = -32*m**3 + 128*m**2 - m - 2. What is a(4)?
-6
Let r(c) = 8*c**2 - 12*c + 13. Determine r(1).
9
Let y(v) = -7*v - 9. What is y(-2)?
5
Let x(t) = 20*t**2 + 15*t - 3. Calculate x(2).
107
Let s(h) = -h**3 - 5*h**2 + 10*h + 24. What is s(-6)?
0
Let l(k) = 5*k + 7. Determine l(1).
12
Let x(p) = -p**2 - 3*p - 6. Give x(-4).
-10
Let u(l) = -4*l - 78. Give u(-19).
-2
Let x(v) = -v**3 - 16*v**2 - 33*v - 74. Calculate x(-14).
-4
Let m(s) = -s**3 - 6*s**2 + 6*s - 4. Determine m(-7).
3
Let h(n) = n**2 - 11*n + 9. Determine h(10).
-1
Let t(r) = 5*r - 25. Calculate t(4).
-5
Let p(v) = 33*v + 328. What is p(-10)?
-2
Let n(s) = -s**3 + 43*s**2 - 155*s - 43. Give n(39).
-4
Let b(m) = -m**2 + 17*m - 30. What is b(13)?
22
Let b(l) = -l**3 - l**2 + 2*l + 3. What is b(-2)?
3
Let z(p) = -2*p + 6. What is z(6)?
-6
Let f(g) = -5*g + 5. Give f(-5).
30
Let f(a) = -27*a - 6. Calculate f(-2).
48
Let w(z) = z**2 - 10*z + 25. Calculate w(7).
4
Let u(k) = -k**2 - 12*k - 5. Give u(-11).
6
Let c(k) = 4*k - 12. Determine c(7).
16
Let x(q) = 17*q + 2. Calculate x(-3).
-49
Let b(n) = -3*n - 1. What is b(-4)?
11
Let q(a) = 8*a + 2. Calculate q(-3).
-22
Let f(k) = -k**3 - 3*k**2 + 3*k - 4. Calculate f(-4).
0
Let b(p) = 3*p**2 - 24*p + 50. What is b(4)?
2
Let l(g) = -g**2 + 4. Give l(5).
-21
Let t(d) = -2*d + 17. Give t(12).
-7
Let i(a) = a**2 - 13*a - 25. Give i(14).
-11
Let n(s) = 4*s - 132. Give n(32).
-4
Let z(r) = -7*r**2 + 7. Calculate z(3).
-56
Let j(x) = -2*x**2 + 8*x - 4. Determine j(5).
-14
Let v(t) = 29*t + 22. Calculate v(-5).
-123
Let p(u) = 3*u**2 - 9*u + 3. Calculate p(4).
15
Let t(i) = -9*i + 173. Give t(19).
2
Let v(g) = -g**2 - 26*g - 125. Give v(-19).
8
Let x(l) = l**2 + 4*l + 1. Calculate x(-4).
1
Let d(y) = -y**2 + 9*y + 9. Determine d(12).
-27
Let l(m) = -m**3 + 17*m**2 + 3*m - 24. Calculate l(17).
27
Let q(j) = -j**3 + 5*j**2 - 4*j + 5. What is q(5)?
-15
Let n(d) = -d**2 + 5*d - 2. Determine n(7).
-16
Let v(t) = t**3 - 7*t**2 - 4*t - 4. Determine v(7).
-32
Let g(o) = -o**2 - 26*o + 4. Determine g(-25).
29
Let l(x) = x**2 - 6*x - 27. What is l(10)?
13
Let u(k) = 2*k**2 - 9*k + 18. Determine u(4).
14
Let n(i) = 4*i + 26. Determine n(-7).
-2
Let h(g) = g**2 + 20*g + 52. Calculate h(-11).
-47
Let i(t) = 31*t**3 - t**2 + 1. Determine i(-1).
-31
Let i(y) = 3*y**2 + 50*y - 71. Calculate i(-18).
1
Let z(a) = a**3 - 10*a**2 + 13*a - 29. Calculate z(9).
7
Let d(k) = 9*k - 32. Determine d(-8).
-104
Let m(h) = -h**3 - 11*h**2 - h - 11. Give m(-11).
0
Let l(k) = k**3 - k**2 - 3. Calculate l(-3).
-39
Let w(h) = 56*h + 107. Give w(-2).
-5
Let b(k) = 41*k + 253. Give b(-6).
7
Let k(u) = -u**2 + 17*u + 2. What is k(17)?
2
Let f(u) = u**2 + 26*u - 29. What is f(-27)?
-2
Let r(i) = 2*i**2 + 1. Determine r(-1).
3
Let k(d) = 2*d + 6. Calculate k(8).
22
Let r(k) = -11*k + 29. What is r(3)?
-4
Let n(s) = -7*s + 2. Calculate n(0).
2
Let j(w) = -w**3 - 5*w**2 + 4*w - 11. Give j(-6).
1
Let i(l) = l**2 + 10*l + 5. Give i(-7).
-16
Let i(v) = -v - 5. Determine i(-3).
-2
Let s(x) = -155*x + 6. Determine s(0).
6
Let u(a) = 2*a**2 + 7*a + 7. Determine u(-6).
37
Let h(d) = d**3 + 4*d**2 - 3*d - 8. Give h(-5).
-18
Let j(s) = 3*s + 16. Determine j(-12).
-20
Let v(b) = b**2 + 16*b + 42. What is v(-13)?
3
Let t(k) = -57*k - 2. What is t(0)?
-2
Let x(r) = r**3 + r**2 - 4*r - 4. Give x(0).
-4
Let p(n) = 19*n**3 - 2*n**2 - 2*n - 1. Determine p(-1).
-20
Let w(c) = -149*c - 1195. Determine w(-8).
-3
Let x(i) = 2*i**2 - 15*i - 15. What is x(-1)?
2
Let u(n) = -n + 8. Give u(20).
-12
Let y(a) = -2*a**3 + 19*a**2 + 9*a + 6. Determine y(10).
-4
Let k(i) = 2*i**3 + 15*i**2 - 5*i + 19. What is k(-8)?
-5
Let r(n) = 5*n - 4. Determine r(-6).
-34
Let z(s) = -59*s - 43. What is z(-1)?
16
Let w(q) = -4*q + 2. Determine w(1).
-2
Let g(z) = -z**2 - 12*z + 12. Give g(-13).
-1
Let t(y) = -3*y - 6. Determine t(-8).
18
Let y(l) = -l**2 + 20*l - 40. Determine y(17).
11
Let f(t) = 4*t. What is f(-2)?
-8
Let m(x) = x**2 + 3*x - 12. Determine m(0).
-12
Let j(l) = 7*l - 14. Determine j(12).
70
Let d(b) = b + 29. Give d(-16).
13
Let f(k) = -22*k**2 + 40*k + 6. Give f(2).
-2
Let m(u) = 7*u + 154. Calculate m(-22).
0
Let m(u) = 2*u**2 + u. Calculate m(2).
10
Let r(w) = -2*w**3 - 7*w**2 - 5*w + 3. Determine r(-4).
39
Let d(c) = -c**2 + 13*c - 16. Calculate d(11).
6
Let n(f) = -f**2 - 37. Determine n(0).
-37
Let z(b) = -10*b - 58. Determine z(-7).
12
Let r(l) = l + 3. Give r(9).
12
Let w(n) = n**2 